{"id":28330,"date":"2021-02-09T16:29:08","date_gmt":"2021-02-09T18:29:08","guid":{"rendered":"https:\/\/hurdle.com.br\/cidades\/?page_id=28330"},"modified":"2021-02-09T16:29:31","modified_gmt":"2021-02-09T18:29:31","slug":"home","status":"publish","type":"page","link":"https:\/\/hurdle.com.br\/cidades\/","title":{"rendered":"Cidades"},"content":{"rendered":"<p>[vc_row][vc_column][vc_empty_space height=&#8221;50px&#8221;][vc_column_text]<\/p>\n<h2 style=\"text-align: center;\"><span style=\"color: #000000;\">BON\u00c9S QUE FABRICAMOS<\/span><\/h2>\n<p style=\"text-align: center;\"><span style=\"color: #000000;\">Confira alguns dos exemplos que produzimos e personalizamos para nossos clientes.<\/span><\/p>\n<p>[\/vc_column_text][vc_empty_space height=&#8221;50px&#8221;][vc_row_inner][vc_column_inner width=&#8221;1\/3&#8243;][vc_single_image image=&#8221;28316&#8243; img_size=&#8221;large&#8221; alignment=&#8221;center&#8221; onclick=&#8221;custom_link&#8221; title=&#8221;Bon\u00e9 trucker preto de tela&#8221; link=&#8221;https:\/\/hurdle.com.br\/produtos\/&#8221;][\/vc_column_inner][vc_column_inner width=&#8221;1\/3&#8243;][vc_single_image image=&#8221;28314&#8243; img_size=&#8221;large&#8221; alignment=&#8221;center&#8221; onclick=&#8221;custom_link&#8221; title=&#8221;Bon\u00e9 caminhoneiro country&#8221; link=&#8221;https:\/\/hurdle.com.br\/produtos\/&#8221;][\/vc_column_inner][vc_column_inner width=&#8221;1\/3&#8243;][vc_single_image image=&#8221;28310&#8243; img_size=&#8221;large&#8221; alignment=&#8221;center&#8221; onclick=&#8221;custom_link&#8221; title=&#8221;Bon\u00e9 trucker animal print&#8221; link=&#8221;https:\/\/hurdle.com.br\/produtos\/&#8221;][\/vc_column_inner][\/vc_row_inner][vc_row_inner][vc_column_inner width=&#8221;1\/3&#8243;][vc_single_image image=&#8221;28305&#8243; img_size=&#8221;large&#8221; alignment=&#8221;center&#8221; onclick=&#8221;custom_link&#8221; title=&#8221;Bon\u00e9 basebol aba curva&#8221; link=&#8221;https:\/\/hurdle.com.br\/produtos\/&#8221;][\/vc_column_inner][vc_column_inner width=&#8221;1\/3&#8243;][vc_single_image image=&#8221;28307&#8243; img_size=&#8221;large&#8221; alignment=&#8221;center&#8221; onclick=&#8221;custom_link&#8221; title=&#8221;Bon\u00e9 dad hat bordado&#8221; link=&#8221;https:\/\/hurdle.com.br\/produtos\/&#8221;][\/vc_column_inner][vc_column_inner width=&#8221;1\/3&#8243;][vc_single_image image=&#8221;28308&#8243; img_size=&#8221;large&#8221; alignment=&#8221;center&#8221; onclick=&#8221;custom_link&#8221; title=&#8221;Bon\u00e9 flex de gorgur\u00e3o&#8221; link=&#8221;https:\/\/hurdle.com.br\/produtos\/&#8221;][\/vc_column_inner][\/vc_row_inner][vc_row_inner][vc_column_inner width=&#8221;1\/3&#8243;][vc_single_image image=&#8221;28315&#8243; img_size=&#8221;large&#8221; alignment=&#8221;center&#8221; onclick=&#8221;custom_link&#8221; title=&#8221;Bon\u00e9 trucker sublimado&#8221; link=&#8221;https:\/\/hurdle.com.br\/produtos\/&#8221;][\/vc_column_inner][vc_column_inner width=&#8221;1\/3&#8243;][vc_single_image image=&#8221;28306&#8243; img_size=&#8221;large&#8221; alignment=&#8221;center&#8221; onclick=&#8221;custom_link&#8221; title=&#8221;Bon\u00e9 de tela bordado&#8221; link=&#8221;https:\/\/hurdle.com.br\/produtos\/&#8221;][\/vc_column_inner][vc_column_inner width=&#8221;1\/3&#8243;][vc_single_image image=&#8221;28312&#8243; img_size=&#8221;large&#8221; alignment=&#8221;center&#8221; onclick=&#8221;custom_link&#8221; title=&#8221;Bon\u00e9 country de palha&#8221; link=&#8221;https:\/\/hurdle.com.br\/produtos\/&#8221;][\/vc_column_inner][\/vc_row_inner][vc_empty_space][vc_btn title=&#8221;VER TODOS PRODUTOS&#8221; style=&#8221;classic&#8221; shape=&#8221;square&#8221; color=&#8221;black&#8221; size=&#8221;lg&#8221; align=&#8221;center&#8221; button_block=&#8221;true&#8221; link=&#8221;url:https%3A%2F%2Fhurdle.com.br%2Fprodutos%2F|title:Bon%C3%A9s%20para%20marcas%20e%20promocionais%20personalizados&#8221;][\/vc_column][\/vc_row]<\/p>\n","protected":false},"excerpt":{"rendered":"<p>[vc_row][vc_column][vc_empty_space height=&#8221;50px&#8221;][vc_column_text] BON\u00c9S QUE FABRICAMOS Confira alguns dos exemplos que produzimos e personalizamos para nossos clientes. [\/vc_column_text][vc_empty_space height=&#8221;50px&#8221;][vc_row_inner][vc_column_inner width=&#8221;1\/3&#8243;][vc_single_image image=&#8221;28316&#8243; img_size=&#8221;large&#8221; alignment=&#8221;center&#8221; onclick=&#8221;custom_link&#8221; title=&#8221;Bon\u00e9 trucker preto de tela&#8221; link=&#8221;https:\/\/hurdle.com.br\/produtos\/&#8221;][\/vc_column_inner][vc_column_inner width=&#8221;1\/3&#8243;][vc_single_image image=&#8221;28314&#8243; img_size=&#8221;large&#8221; alignment=&#8221;center&#8221; onclick=&#8221;custom_link&#8221; title=&#8221;Bon\u00e9 caminhoneiro country&#8221; link=&#8221;https:\/\/hurdle.com.br\/produtos\/&#8221;][\/vc_column_inner][vc_column_inner width=&#8221;1\/3&#8243;][vc_single_image image=&#8221;28310&#8243; img_size=&#8221;large&#8221; alignment=&#8221;center&#8221; onclick=&#8221;custom_link&#8221; title=&#8221;Bon\u00e9 trucker animal print&#8221; link=&#8221;https:\/\/hurdle.com.br\/produtos\/&#8221;][\/vc_column_inner][\/vc_row_inner][vc_row_inner][vc_column_inner width=&#8221;1\/3&#8243;][vc_single_image image=&#8221;28305&#8243; img_size=&#8221;large&#8221; alignment=&#8221;center&#8221; onclick=&#8221;custom_link&#8221; title=&#8221;Bon\u00e9 basebol&hellip;<\/p>\n","protected":false},"author":1,"featured_media":0,"parent":0,"menu_order":0,"comment_status":"closed","ping_status":"closed","template":"","meta":[],"yoast_head":"<!-- This site is optimized with the Yoast SEO plugin v17.3 - https:\/\/yoast.com\/wordpress\/plugins\/seo\/ -->\n<title>Hurdle - Fornecedor de bon\u00e9s private label e promocional<\/title>\n<meta name=\"description\" content=\"Hurdle - Fornecedor de bon\u00e9s private label e promocional, atendemos todas as cidades do Brasil, bon\u00e9s com alta qualidade no atacado.\" \/>\n<meta name=\"robots\" content=\"index, follow, max-snippet:-1, max-image-preview:large, max-video-preview:-1\" \/>\n<link rel=\"canonical\" href=\"https:\/\/hurdle.com.br\/cidades\/\" \/>\n<meta property=\"og:locale\" content=\"pt_BR\" \/>\n<meta property=\"og:type\" content=\"article\" \/>\n<meta property=\"og:title\" content=\"Hurdle - Fornecedor de bon\u00e9s private label e promocional\" \/>\n<meta property=\"og:description\" content=\"Hurdle - Fornecedor de bon\u00e9s private label e promocional, atendemos todas as cidades do Brasil, bon\u00e9s com alta qualidade no atacado.\" \/>\n<meta property=\"og:url\" content=\"https:\/\/hurdle.com.br\/cidades\/\" \/>\n<meta property=\"og:site_name\" content=\"Hurdle\" \/>\n<meta property=\"article:modified_time\" content=\"2021-02-09T18:29:31+00:00\" \/>\n<meta name=\"twitter:card\" content=\"summary_large_image\" \/>\n<meta name=\"twitter:label1\" content=\"Est. tempo de leitura\" \/>\n\t<meta name=\"twitter:data1\" content=\"2 minutos\" \/>\n<script type=\"application\/ld+json\" class=\"yoast-schema-graph\">{\"@context\":\"https:\/\/schema.org\",\"@graph\":[{\"@type\":\"WebSite\",\"@id\":\"https:\/\/hurdle.com.br\/cidades\/#website\",\"url\":\"https:\/\/hurdle.com.br\/cidades\/\",\"name\":\"Hurdle\",\"description\":\"Bon\\u00e9s personalizados de qualidade\",\"potentialAction\":[{\"@type\":\"SearchAction\",\"target\":{\"@type\":\"EntryPoint\",\"urlTemplate\":\"https:\/\/hurdle.com.br\/cidades\/?s={search_term_string}\"},\"query-input\":\"required name=search_term_string\"}],\"inLanguage\":\"pt-BR\"},{\"@type\":\"WebPage\",\"@id\":\"https:\/\/hurdle.com.br\/cidades\/#webpage\",\"url\":\"https:\/\/hurdle.com.br\/cidades\/\",\"name\":\"Hurdle - Fornecedor de bon\\u00e9s private label e promocional\",\"isPartOf\":{\"@id\":\"https:\/\/hurdle.com.br\/cidades\/#website\"},\"datePublished\":\"2021-02-09T18:29:08+00:00\",\"dateModified\":\"2021-02-09T18:29:31+00:00\",\"description\":\"Hurdle - Fornecedor de bon\\u00e9s private label e promocional, atendemos todas as cidades do Brasil, bon\\u00e9s com alta qualidade no atacado.\",\"breadcrumb\":{\"@id\":\"https:\/\/hurdle.com.br\/cidades\/#breadcrumb\"},\"inLanguage\":\"pt-BR\",\"potentialAction\":[{\"@type\":\"ReadAction\",\"target\":[\"https:\/\/hurdle.com.br\/cidades\/\"]}]},{\"@type\":\"BreadcrumbList\",\"@id\":\"https:\/\/hurdle.com.br\/cidades\/#breadcrumb\",\"itemListElement\":[{\"@type\":\"ListItem\",\"position\":1,\"name\":\"In\\u00edcio\",\"item\":\"https:\/\/hurdle.com.br\/cidades\/\"},{\"@type\":\"ListItem\",\"position\":2,\"name\":\"Cidades\"}]}]}<\/script>\n<!-- \/ Yoast SEO plugin. -->","yoast_head_json":{"title":"Hurdle - Fornecedor de bon\u00e9s private label e promocional","description":"Hurdle - Fornecedor de bon\u00e9s private label e promocional, atendemos todas as cidades do Brasil, bon\u00e9s com alta qualidade no atacado.","robots":{"index":"index","follow":"follow","max-snippet":"max-snippet:-1","max-image-preview":"max-image-preview:large","max-video-preview":"max-video-preview:-1"},"canonical":"https:\/\/hurdle.com.br\/cidades\/","og_locale":"pt_BR","og_type":"article","og_title":"Hurdle - Fornecedor de bon\u00e9s private label e promocional","og_description":"Hurdle - Fornecedor de bon\u00e9s private label e promocional, atendemos todas as cidades do Brasil, bon\u00e9s com alta qualidade no atacado.","og_url":"https:\/\/hurdle.com.br\/cidades\/","og_site_name":"Hurdle","article_modified_time":"2021-02-09T18:29:31+00:00","twitter_card":"summary_large_image","twitter_misc":{"Est. tempo de leitura":"2 minutos"},"schema":{"@context":"https:\/\/schema.org","@graph":[{"@type":"WebSite","@id":"https:\/\/hurdle.com.br\/cidades\/#website","url":"https:\/\/hurdle.com.br\/cidades\/","name":"Hurdle","description":"Bon\u00e9s personalizados de qualidade","potentialAction":[{"@type":"SearchAction","target":{"@type":"EntryPoint","urlTemplate":"https:\/\/hurdle.com.br\/cidades\/?s={search_term_string}"},"query-input":"required name=search_term_string"}],"inLanguage":"pt-BR"},{"@type":"WebPage","@id":"https:\/\/hurdle.com.br\/cidades\/#webpage","url":"https:\/\/hurdle.com.br\/cidades\/","name":"Hurdle - Fornecedor de bon\u00e9s private label e promocional","isPartOf":{"@id":"https:\/\/hurdle.com.br\/cidades\/#website"},"datePublished":"2021-02-09T18:29:08+00:00","dateModified":"2021-02-09T18:29:31+00:00","description":"Hurdle - Fornecedor de bon\u00e9s private label e promocional, atendemos todas as cidades do Brasil, bon\u00e9s com alta qualidade no atacado.","breadcrumb":{"@id":"https:\/\/hurdle.com.br\/cidades\/#breadcrumb"},"inLanguage":"pt-BR","potentialAction":[{"@type":"ReadAction","target":["https:\/\/hurdle.com.br\/cidades\/"]}]},{"@type":"BreadcrumbList","@id":"https:\/\/hurdle.com.br\/cidades\/#breadcrumb","itemListElement":[{"@type":"ListItem","position":1,"name":"In\u00edcio","item":"https:\/\/hurdle.com.br\/cidades\/"},{"@type":"ListItem","position":2,"name":"Cidades"}]}]}},"_links":{"self":[{"href":"https:\/\/hurdle.com.br\/cidades\/wp-json\/wp\/v2\/pages\/28330"}],"collection":[{"href":"https:\/\/hurdle.com.br\/cidades\/wp-json\/wp\/v2\/pages"}],"about":[{"href":"https:\/\/hurdle.com.br\/cidades\/wp-json\/wp\/v2\/types\/page"}],"author":[{"embeddable":true,"href":"https:\/\/hurdle.com.br\/cidades\/wp-json\/wp\/v2\/users\/1"}],"replies":[{"embeddable":true,"href":"https:\/\/hurdle.com.br\/cidades\/wp-json\/wp\/v2\/comments?post=28330"}],"version-history":[{"count":0,"href":"https:\/\/hurdle.com.br\/cidades\/wp-json\/wp\/v2\/pages\/28330\/revisions"}],"wp:attachment":[{"href":"https:\/\/hurdle.com.br\/cidades\/wp-json\/wp\/v2\/media?parent=28330"}],"curies":[{"name":"wp","href":"https:\/\/api.w.org\/{rel}","templated":true}]}}